 of 776905?
5, 155381
What are the prime factors of 1065377?
31, 34367
List the prime factors of 32778677.
32778677
What are the prime factors of 2402834?
2, 7, 59, 2909
List the prime factors of 262547.
103, 2549
List the prime factors of 1787898.
2, 3, 7, 42569
What are the prime factors of 254588?
2, 63647
List the prime factors of 867925.
5, 149, 233
What are the prime factors of 15048505?
5, 3009701
List the prime factors of 5304047.
7, 41, 18481
List the prime factors of 259265.
5, 51853
What are the prime factors of 569770?
2, 5, 227, 251
List the prime factors of 517609.
517609
What are the prime factors of 509803?
7, 67, 1087
List the prime factors of 668652.
2, 3, 55721
What are the prime factors of 323903?
323903
What are the prime factors of 47118?
2, 3, 7853
List the prime factors of 1691833.
11, 13, 11831
What are the prime factors of 4907796?
2, 3, 31, 79, 167
List the prime factors of 567959.
7, 67, 173
What are the prime factors of 2693330?
2, 5, 269333
What are the prime factors of 15562288?
2, 7, 41, 3389
What are the prime factors of 1835?
5, 367
What are the prime factors of 508868?
2, 127217
What are the prime factors of 120685?
5, 24137
List the prime factors of 430203.
3, 143401
What are the prime factors of 1651778?
2, 825889
What are the prime factors of 775157?
775157
List the prime factors of 1648535.
5, 7, 19, 37, 67
List the prime factors of 17216973.
3, 293, 6529
List the prime factors of 48027.
3, 7, 2287
List the prime factors of 6492237.
3, 31, 69809
List the prime factors of 736348.
2, 184087
What are the prime factors of 3956992?
2, 13, 29, 41
List the prime factors of 984296.
2, 61, 2017
List the prime factors of 965672.
2, 120709
What are the prime factors of 381934?
2, 7, 27281
What are the prime factors of 266785?
5, 229, 233
List the prime factors of 320254.
2, 11, 14557
What are the prime factors of 191871?
3, 21319
List the prime factors of 345161.
23, 43, 349
What are the prime factors of 13895404?
2, 23, 73, 2069
What are the prime factors of 81621?
3, 3023
What are the prime factors of 755437?
755437
List the prime factors of 1368377.
1368377
What are the prime factors of 847098?
2, 3, 7, 83
What are the prime factors of 524110?
2, 5, 17, 3083
List the prime factors of 696354.
2, 3, 17, 6827
What are the prime factors of 18915735?
3, 5, 19, 31, 2141
List the prime factors of 221151.
3, 7, 10531
What are the prime factors of 10546152?
2, 3, 53, 8291
List the prime factors of 27061204.
2, 6765301
List the prime factors of 5326015.
5, 17, 62659
What are the prime factors of 14070869?
31, 541, 839
What are the prime factors of 171033?
3, 47, 1213
List the prime factors of 340182.
2, 3, 18899
List the prime factors of 33643821.
3, 41, 273527
List the prime factors of 103110.
2, 3, 5, 7, 491
List the prime factors of 6663652.
2, 23, 72431
List the prime factors of 150612.
2, 3, 7, 11, 163
List the prime factors of 235903.
53, 4451
List the prime factors of 1334447.
1021, 1307
What are the prime factors of 7117187?
7, 11, 92431
What are the prime factors of 8376138?
2, 3, 17, 31, 883
List the prime factors of 2125488.
2, 3, 44281
List the prime factors of 314143.
17, 1087
List the prime factors of 3963170.
2, 5, 61, 73, 89
List the prime factors of 1542884.
2, 7, 55103
What are the prime factors of 1745672?
2, 31, 7039
What are the prime factors of 2803223?
53, 227, 233
What are the prime factors of 962144?
2, 107, 281
What are the prime factors of 405706?
2, 7, 28979
What are the prime factors of 118621?
118621
What are the prime factors of 714313?
59, 12107
List the prime factors of 17285653.
7, 11, 29, 7741
List the prime factors of 124464.
2, 3, 2593
What are the prime factors of 1857915?
3, 5, 19, 41, 53
What are the prime factors of 518167?
13, 23, 1733
List the prime factors of 187125.
3, 5, 499
List the prime factors of 293382.
2, 3, 1811
List the prime factors of 598035.
3, 5, 39869
What are the prime factors of 1863851?
11, 23, 53, 139
What are the prime factors of 541933?
7, 77419
What are the prime factors of 15775850?
2, 5, 315517
List the prime factors of 180509.
7, 107, 241
What are the prime factors of 360824?
2, 23, 37, 53
List the prime factors of 203006.
2, 101503
List the prime factors of 176007.
3, 13, 4513
What are the prime factors of 1350404?
2, 11, 47, 653
What are the prime factors of 1283325?
3, 5, 71, 241
What are the prime factors of 1540862?
2, 19, 23, 41, 43
List the prime factors of 51379.
191, 269
List the prime factors of 367212.
2, 3, 71, 431
What are the prime factors of 2289689?
2289689
What are the prime factors of 8060?
2, 5, 13, 31
List the prime factors of 1163539.
13, 37, 41, 59
List the prime factors of 1021234.
2, 510617
List the prime factors of 4670271.
3, 172973
List the prime factors of 118092.
2, 3, 13, 757
What are the prime factors of 1024461?
3, 19, 1997
List the prime factors of 274635.
3, 5, 17, 359
What are the prime factors of 725644?
2, 37, 4903
List the prime factors of 274817.
274817
What are the prime factors of 1758714?
2, 3, 157, 1867
List the prime factors of 11323727.
11323727
What are the prime factors of 407854?
2, 19, 10733
List the prime factors of 130057.
130057
What are the prime factors of 1328057?
17, 78121
List the prime factors of 745897.
107, 6971
List the prime factors of 691316.
2, 172829
List the prime factors of 15885.
3, 5, 353
List the prime factors of 20234.
2, 67, 151
What are the prime factors of 16158919?
7, 2308417
List the prime factors of 1725778.
2, 167, 5167
List the prime factors of 306068.
2, 7, 17, 643
List the prime factors of 1996080.
2, 3, 5, 8317
List the prime factors of 143582.
2, 17, 41, 103
What are the prime factors of 975148?
2, 243787
List the prime factors of 64478.
2, 103, 313
What are the prime factors of 13754465?
5, 2750893
List the prime factors of 8319975.
3, 5, 110933
What are the prime factors of 764250?
2, 3, 5, 1019
List the prime factors of 118282.
2, 59141
What are the prime factors of 2203748?
2, 550937
List the prime factors of 251006.
2, 7, 17929
What are the prime factors of 349669?
23, 661
List the prime factors of 6709786.
2, 79, 42467
List the prime factors of 844634.
2, 7, 60331
List the prime factors of 2628746.
2, 631, 2083
What are the prime factors of 4467117?
3, 1489039
List the prime factors of 595319.
595319
List the prime factors of 2496313.
2496313
List the prime factors of 896567.
7, 263, 487
What are the prime factors of 345924?
2, 3, 3203
List the prime factors of 512056.
2, 64007
List the prime factors of 147231.
3, 7, 19, 41
List the prime factors of 498277.
13, 38329
What are the prime factors of 1804833?
3, 23, 8719
What are the prime factors of 2115523?
2115523
What are the prime factors of 379013?
379013
What are the prime factors of 1822412?
2, 455603
What are the prime factors of 4504706?
2, 2252353
What are the prime factors of 215623?
257, 839
List the prime factors of 106070.
2, 5, 10607
List the prime factors of 3762075.
3, 5, 103, 487
List the prime factors of 1215914.
2, 7, 86851
List the prime factors of 7441865.
5, 71, 20963
List the prime factors of 3222184.
2, 7, 163, 353
List the prime factors of 265435.
5, 53087
What are the prime factors of 29531?
29531
List the prime factors of 7160487.
3, 1531, 1559
What are the prime factors of 697327?
697327
What are the prime factors of 1739242?
2, 829, 1049
List the prime factors of 36832736.
2, 379, 3037
What are the prime factors of 2724369?
3, 17, 53419
List the prime factors of 740.
2, 5, 37
What are the prime factors of 7287?
3, 7, 347
What are the prime factors of 300428?
2, 19, 59, 67
List the prime factors of 39657.
3, 13219
What are the prime factors of 323508?
2, 3, 26959
What are the prime factors of 913185?
3, 5, 7, 13, 223
List the prime factors of 19548264.
2, 3, 19, 163, 263
What are the prime factors of 144236?
2, 107, 337
List the prime factors of 341547.
3, 17, 37, 181
List the prime factors of 14447427.
3, 23, 37, 5659
What are the prime factors of 404335?
5, 193, 419
What are the prime factors of 1149926?
2, 574963
List the prime factors of 573082.
2, 286541
What are the prime factors of 223665?
3, 5, 13, 31, 37
List the prime factors of 1062249.
3, 401, 883
What are the prime factors o